687 - -3400. What are the prime factors of v?
3, 571
Suppose -d - 264247 = -6*d - 13737. List the prime factors of d.
2, 13, 41, 47
What are the prime factors of (3/9 + (-37442)/15)/(100/(-500))?
12479
Let n(v) = 12*v**2 + 3*v + 9. Let y(t) = -1. Suppose -p + 4*p = 5*c - 5, -3*c = -5*p - 3. Let q(j) = c*n(j) + 12*y(j). What are the prime factors of q(3)?
2, 3, 19
Let o = -2422 + 4158. What are the prime factors of o?
2, 7, 31
Let c be (-3)/(-2) + 24/(-16). Let t be (3 - 0) + c/1. Suppose -t*f + 7*f - 28 = 0. What are the prime factors of f?
7
Let r(l) = 8*l - 11. Let h be r(2). Suppose 4*f = -0*a - 4*a + 1212, h*f - 901 = -3*a. What are the prime factors of a?
307
Let n be (25/((-250)/4))/((-1)/10840). Let c = -3011 + n. List the prime factors of c.
5, 53
Let h = 287 - 259. Suppose h*t = 10273 + 13163. What are the prime factors of t?
3, 31
Suppose 15 = 3*z - 105. Suppose 0 = -37*v + z*v. Suppose -3*g + 3*o + v*o = -462, 0 = -3*g - 4*o + 455. What are the prime factors of g?
3, 17
Let g = 57 - 53. Suppose 0 = -g*o - o - 30. What are the prime factors of (o - -10)*(-10)/(-8)?
5
Let h be 36 + (-5 - 0) - -4. Suppose h*u - 5244 = 23*u. List the prime factors of u.
19, 23
List the prime factors of (-2)/(-14) + 28386600/1785.
3, 19, 31
Let t(g) be the first derivative of -34*g + 4 + 4*g**2 + 0*g**2 - 5*g. What are the prime factors of t(16)?
89
Let t(j) = j**3 + 6*j**2 + 4*j - 2. Let l be t(-5). Suppose -n = 2*n + l*d - 12, -3*n + 7 = 4*d. Suppose -5*m - n*m = -1848. List the prime factors of m.
2, 3, 11
Suppose 7*m - 46076 = -4*b + 3*m, -5*m - 34517 = -3*b. List the prime factors of b.
2, 3, 19, 101
Let b be (5488/42)/((-2)/(-3)). Let v = 356 - b. List the prime factors of v.
2, 5
Let k be 5268/3*(-12)/48. Let i = -231 - k. What are the prime factors of i?
2, 13
Let n be (-158)/(-6) + -1*5/15. Suppose 0 = 31*z - n*z. Suppose -2*q + 12*q - 980 = z. What are the prime factors of q?
2, 7
Suppose -4*d + 5*k - 25 = 27, 0 = -4*d - 5*k - 92. Let w be 1/3 + 10/d*-3. Suppose 3*x + x + w*m = 464, 3*m + 109 = x. List the prime factors of x.
5, 23
Let g be (-57)/76*8/(-6) + 1. Suppose g*k + 47 = 2*l - 29, -l = -2*k - 38. Let a = l - 34. List the prime factors of a.
2
Suppose -3*x + 2*x + 2*a + 5 = 0, 0 = -2*x + 5*a + 8. Let w be 461/x - (6 - 52/9). Suppose 2*i - 3 = i, 5*i - w = -2*g. What are the prime factors of g?
2, 3
Let p = -21927 + 40440. What are the prime factors of p?
3, 11, 17
Let c(j) be the second derivative of 11*j**4/24 - 17*j**3/6 - 9*j**2/2 + 42*j. Let r(b) be the first derivative of c(b). What are the prime factors of r(6)?
7
Let x(k) = 5*k**3 + 5*k**2 + 2*k - 2. Let g(y) = y**3 + y**2. Let v(c) = 4*g(c) - x(c). What are the prime factors of v(-5)?
2, 7
Let g = 764 - 528. Suppose 51 = -5*f + g. Let h = -22 + f. What are the prime factors of h?
3, 5
Let k be (-4)/(0 - -2) + 165. Let q = 97 - k. What are the prime factors of ((-28)/(-3))/((-4)/q)?
2, 7, 11
Let f be ((-54)/(-24))/(3/8). Suppose -f*z - 9 = -75. Let y = 44 - z. What are the prime factors of y?
3, 11
Suppose 418 = 2*u - 284. Suppose -24*b = -25*b + u. What are the prime factors of b?
3, 13
Suppose 0 = -9*r + 170 + 136. Let o = -2 + 7. Suppose 8 = -2*z - w + 112, 0 = z + o*w - r. List the prime factors of z.
2, 3
Suppose -1309*x + 22860 = -1297*x. What are the prime factors of x?
3, 5, 127
Suppose 2*s - 12653 = g, -2984 = 5*s - 5*g - 34614. What are the prime factors of s?
3, 19, 37
Suppose 0 = 328*p - 251*p - 828366. List the prime factors of p.
2, 3, 11, 163
Let z be 375/(-11) + (-33)/(-363). Let j = 129 - z. List the prime factors of j.
163
Let w(j) = 33*j - 2593. List the prime factors of w(106).
5, 181
Suppose -8*n - 13820 = -16159 - 33069. List the prime factors of n.
2, 2213
Let r be (-41 - -56)*(-2)/(-6). Suppose -1425 - 1440 = -r*p. What are the prime factors of p?
3, 191
Let i(j) = 155 - 133 - 85 - 36*j - 31*j. List the prime factors of i(-10).
607
Suppose 99734 = 72*m - 778. List the prime factors of m.
2, 349
Suppose -3*p - 3*z + 555 = 0, -4*p + 557 = -p + 2*z. Suppose 4*j + 288 = y, 44 = -y - 4*j + 300. Suppose -y = -3*m + p. List the prime factors of m.
3, 17
Suppose 3*v = -104905 + 274312. List the prime factors of (-4)/(-6) + v/63.
3, 13, 23
List the prime factors of 4/24 - 96593/(-42).
2, 5, 23
Let x(t) = 3*t**2 + 13. Suppose -2*g + 20 = -7*g. Let o be x(g). Let v = o - 18. List the prime factors of v.
43
Let j be (-2990)/(-15) + -3*(-2)/(-18). Suppose 107 = n - j. List the prime factors of n.
2, 3, 17
Suppose 0 = -4*n + w - 0*w + 9, -21 = -3*n - 4*w. Let b be 34/(-4) - n/6. What are the prime factors of 96/20*(2 - 192/b)?
2, 7
Let x(p) = -47*p**2 - 16*p + p + 45*p**2 - 49*p - 18. What are the prime factors of x(-31)?
2, 11
List the prime factors of 3111*(((-40)/72)/((-15)/72) - -6).
2, 13, 17, 61
Suppose -2670 = -2*x + 2*y, -4*y + 2640 = 279*x - 277*x. List the prime factors of x.
2, 5, 7, 19
Let k = 128 - 126. Suppose -k*m + 842 = 2*p, 7*p - 2*m + 1682 = 11*p. What are the prime factors of p?
2, 3, 5, 7
Let i(h) = -h**3 - 14*h**2 + 15*h + 2. Let m be i(-15). Suppose 49 - 129 = -m*o. Suppose 28 - o = -b. What are the prime factors of b?
2, 3
Let p = -173 + 177. Suppose -3*d = -p*w + 5*w - 2202, -4*d - 3*w + 2931 = 0. List the prime factors of d.
3, 5, 7
What are the prime factors of ((-1494)/4)/((-13)/(-26) - 72/135)?
3, 5, 83
Let n(t) = t**2 - 2*t - 2. Let v(b) = -5*b**2 + 10*b + 9. Let s(w) = -11*n(w) - 2*v(w). Let c be s(2). What are the prime factors of (-2 + c)*6/2?
2, 3
Let o = 3048 + -748. Suppose -164*x = -169*x + o. List the prime factors of x.
2, 5, 23
Suppose -3*u - 19 = -5*u + 3*q, -5*q - 20 = -u. Suppose 2*v = -u*z - 1310, 27 - 2 = 5*v. List the prime factors of (-22224)/z - (9/(-11) + 1).
2, 3, 7
Suppose -84 = -3*r - 4*r. Let j(x) be the third derivative of x**6/120 - x**5/5 + 13*x**4/24 - 10*x**3/3 - 2*x**2 + 1. What are the prime factors of j(r)?
2, 17
Suppose 168*d - 5783160 = 11222110 - 859630. List the prime factors of d.
3, 5, 43, 149
Let y be -2 + (10 - (-3 - -6)). Suppose y*j = -5*i + 2145, -i = j + 4*j - 409. List the prime factors of i.
2, 7, 31
Let v(y) = 849*y + 73. Let d be v(2). Suppose 5*w - d = 5954. What are the prime factors of w?
3, 5, 103
Suppose -7 = -w + 3*q, 5*w - 3*w + 5*q - 47 = 0. Suppose -w*l + 5680 = 4*l. What are the prime factors of l?
2, 71
Let f(d) = 78*d**3 - 72*d**2 + 364*d + 3. What are the prime factors of f(5)?
29, 337
Suppose -2*x + 14860 = -3*f, 0 = -390*x + 392*x + 4*f - 14874. List the prime factors of x.
7433
Suppose -4*y - y = -80. Let r be ((-2)/6)/(7/14)*-3*3. Suppose 4*u = y, -r*f - 3*u = -f - 687. List the prime factors of f.
3, 5
Suppose 5*f - 219409 = 2*f + 66866. List the prime factors of f.
5, 11, 347
Let k(f) = 3*f**3 - 8*f**2 - f + 51. Let x(o) = -5*o**2 + 69*o + 21. Let i be x(14). List the prime factors of k(i).
3, 227
Suppose -141*x = -151*x - 18703 + 278443. What are the prime factors of x?
2, 3, 13, 37
Let r(a) = 10*a**2 - 74*a - 87. List the prime factors of r(26).
3, 1583
Let t = 10803 + 18103. List the prime factors of t.
2, 97, 149
Let u = 203 + -199. Suppose u*s + 4*d = 2396, -2*s = -5*s + 5*d + 1773. List the prime factors of s.
2, 149
Let g(m) = -m**2 + 94*m + 57. Let x be g(23). Suppose 0*l + 2*l = f + x, 5*l = 5*f + 4215. What are the prime factors of l?
7, 11
Let l(b) = -2*b**2 - 8*b + 2. Let k be l(6). Let j(z) = z**3 - 37*z**2 + 350*z + 53. Let c be j(19). Let u = k + c. List the prime factors of u.
3, 29
Suppose -2*u - u = -4*a - 8, u - 2 = 2*a. Suppose 92*t + u = 93*t. Suppose -5*s - t*x = -1329, -4*s + 4*x + 640 = -416. What are the prime factors of s?
5, 53
Suppose 4*l + 2*b = -612, -5*b - 611 - 1 = 4*l. Let t = l + 277. Let z = t + -62. What are the prime factors of z?
2, 31
Let d(b) = -8*b - 14. Let o be d(-4). Let a be 24/(-108) + -2 + 202/o. Let s(c) = -c**3 + 8*c**2 + 14*c - 13. What are the prime factors of s(a)?
2
Let c = 70 - 33. Suppose -c = -6*w + 365. Suppose w + 87 = r. What are the prime factors of r?
2, 7, 11
Suppose 57 = -2*i + 303. Let b = i + -107. Suppose -50 = -3*d - 5*p, d - 2*p + 4*p - b = 0. List the prime factors of d.
2, 5
Let y = -3746 + 8545. List the prime factors of y.
4799
Let z = 69 + -66. Suppose n = z*j - 79, 2*j - 5*n = 11 + 20. What are the